factor of 14921?
False
Does 14 divide 4256?
True
Is 13 a factor of 6854?
False
Is 900 a multiple of 25?
True
Is 4 a factor of 9?
False
Does 5 divide 14928?
False
Does 16 divide 1208?
False
Is 2020 a multiple of 101?
True
Is 4554 a multiple of 20?
False
Is 6 a factor of 6144?
True
Does 56 divide 560?
True
Is 54 a multiple of 2?
True
Is 17 a factor of 765?
True
Is 1248 a multiple of 12?
True
Does 48 divide 43440?
True
Does 54 divide 11880?
True
Is 184 a factor of 18216?
True
Is 2194 a multiple of 80?
False
Is 13 a factor of 12438?
False
Is 4685 even?
False
Is 2212 a multiple of 43?
False
Does 42 divide 3948?
True
Does 279 divide 49319?
False
Is 643 a multiple of 75?
False
Does 5 divide 903?
False
Is 6 a factor of 153?
False
Does 42 divide 1026?
False
Is 4290 a multiple of 43?
False
Is 11607 a multiple of 53?
True
Is 1933 a multiple of 12?
False
Is 4 a factor of 50?
False
Is 5955 a multiple of 16?
False
Is 4 a factor of 608?
True
Is 2720 a multiple of 17?
True
Is 11 a factor of 1037?
False
Is 27 a factor of 6175?
False
Is 106 a factor of 1916?
False
Is 1484 a multiple of 24?
False
Is 48928 a multiple of 11?
True
Is 1288 even?
True
Is 5755 a multiple of 43?
False
Is 3123 even?
False
Is 16 a factor of 2816?
True
Does 3 divide 116?
False
Is 58 a factor of 348?
True
Is 399 a multiple of 57?
True
Is 6219 a multiple of 141?
False
Is 60 a factor of 1725?
False
Is 9 a factor of 8811?
True
Is 7307 even?
False
Does 203 divide 14527?
False
Is 132 a factor of 14784?
True
Is 20 a factor of 17260?
True
Does 20 divide 3616?
False
Does 10 divide 5400?
True
Does 76 divide 8661?
False
Does 34 divide 2652?
True
Is 38 a factor of 174002?
True
Is 20645 a multiple of 84?
False
Is 418 a multiple of 22?
True
Is 11 a factor of 392?
False
Is 812 a multiple of 7?
True
Is 43224 a multiple of 31?
False
Is 3 a factor of 55?
False
Is 10 a factor of 3960?
True
Is 1837 a multiple of 16?
False
Is 7 a factor of 30461?
False
Is 66 a factor of 5762?
False
Does 35 divide 2030?
True
Is 218 a multiple of 13?
False
Does 52 divide 10414?
False
Is 6 a factor of 179?
False
Does 30 divide 1101?
False
Is 88 a multiple of 2?
True
Is 90 a factor of 7696?
False
Is 13 a factor of 17707?
False
Does 8 divide 151?
False
Is 37 a multiple of 4?
False
Is 468 a multiple of 8?
False
Is 3 a factor of 1358?
False
Is 124 a multiple of 18?
False
Does 14 divide 144?
False
Is 6072 a multiple of 44?
True
Is 4 a factor of 108?
True
Is 3050 a multiple of 25?
True
Is 29 a factor of 4321?
True
Does 105 divide 3150?
True
Is 47 a factor of 9717?
False
Is 5 a factor of 165?
True
Is 20757 a multiple of 51?
True
Is 736 a multiple of 32?
True
Is 675 a multiple of 62?
False
Is 3757 a multiple of 6?
False
Is 31 a factor of 535?
False
Is 3 a factor of 417?
True
Is 355 a factor of 121765?
True
Is 2200 a multiple of 55?
True
Is 77 a multiple of 2?
False
Does 35 divide 5215?
True
Is 7 a factor of 168?
True
Does 14 divide 7378?
True
Is 36 a factor of 328?
False
Is 26214 a multiple of 6?
True
Is 9 a factor of 2245?
False
Is 10 a factor of 5220?
True
Is 7177 a multiple of 11?
False
Is 81 a factor of 2268?
True
Is 1656 a multiple of 19?
False
Is 79356 a multiple of 17?
True
Is 2 a factor of 833?
False
Does 12 divide 201?
False
Does 10 divide 973?
False
Is 483 a multiple of 21?
True
Is 112 a factor of 12768?
True
Does 6 divide 8?
False
Does 58 divide 1914?
True
Is 26 a factor of 1551?
False
Does 12 divide 2336?
False
Is 10 a multiple of 4?
False
Is 189 a multiple of 4?
False
Is 39 a factor of 812?
False
Does 36 divide 3442?
False
Does 141 divide 24365?
False
Is 3207 a multiple of 108?
False
Is 1911 a multiple of 49?
True
Is 25 a factor of 450?
True
Does 18 divide 1476?
True
Does 306 divide 40634?
False
Does 84 divide 108?
False
Does 6 divide 3654?
True
Is 26950 a multiple of 35?
True
Does 235 divide 73320?
True
Is 4 a factor of 3802?
False
Is 20 a factor of 66320?
True
Is 16 a factor of 2025?
False
Is 11 a factor of 512?
False
Is 9 a factor of 5332?
False
Is 10369 a multiple of 118?
False
Is 9534 a multiple of 14?
True
Is 17 a factor of 149107?
True
Does 24 divide 292?
False
Does 81 divide 36450?
True
Is 7 a factor of 16957?
False
Is 27 a factor of 1547?
False
Is 7777 a multiple of 11?
True
Is 23 a factor of 966?
True
Does 2 divide 245?
False
Is 54 a factor of 2592?
True
Does 39 divide 50427?
True
Is 863 a multiple of 15?
False
Does 12 divide 104?
False
Is 4116 a multiple of 99?
False
Is 6450 a multiple of 10?
True
Is 75 a factor of 76310?
False
Is 984 a multiple of 24?
True
Does 31 divide 36972?
False
Does 10 divide 40?
True
Is 4546 a multiple of 19?
False
Does 8 divide 24605?
False
Is 1300 a multiple of 25?
True
Is 15 a factor of 93855?
True
Is 459 a multiple of 9?
True
Is 18720 a multiple of 195?
True
Is 9 a factor of 164?
False
Is 164 a factor of 38212?
True
Is 3299 a multiple of 18?
False
Does 35 divide 36960?
True
Does 8 divide 3944?
True
Is 3402 a multiple of 38?
False
Does 156 divide 4368?
True
Is 540 a multiple of 20?
True
Does 157 divide 7481?
False
Does 165 divide 5531?
False
Is 123639 a multiple of 73?
False
Does 137 divide 58673?
False
Does 20 divide 1080?
True
Does 5 divide 1006?
False
Is 46 a factor of 4646?
True
Is 504 a multiple of 14?
True
Is 130 a multiple of 26?
True
Does 20 divide 4740?
True
Is 571 a multiple of 11?
False
Is 7 a factor of 560?
True
Is 42 a factor of 3275?
False
Does 15 divide 151755?
True
Is 1168 a multiple of 30?
False
Is 29 a factor of 166?
False
Is 141 a factor of 1557?
False
Does 57 divide 6163?
False
Is 8 a factor of 5328?
True
Is 222 a factor of 27306?
True
Is 76 a factor of 14288?
True
Does 46 divide 1196?
True
Is 108 a multiple of 9?
True
Is 12283 a multiple of 71?
True
Is 122 a factor of 1222?
False
Does 45 divide 8199?
False
Is 3 a factor of 1170?
True
Is 26 a factor of 681?
False
Is 235 a multiple of 19?
False
Is 86 a factor of 865?
False
Does 110 divide 5969?
False
Is 23 a factor of 56465?
True
Does 155 divide 27913?
False
Is 441 a multiple of 63?
True
Does 29 divide 12574?
False
Is 815 a multiple of 12?
False
Does 40 divide 840?
True
Does 12 divide 17229?
False
Is 1281 a multiple of 7?
True
Is 51225 a multiple of 25?
True
Is 10023 a multiple of 10?
False
Does 80 divide 58252?
False
Does 9 divide 1161?
True
Is 15 a factor of 6030?
True
Does 30 divide 8580?
True
Does 13 divide 4550?
True
Does 16 divide 1296?
True
Is 1013 a multiple of 15?
False
Is 14 a factor of 6979?
False
Is 384 a multiple of 12?
True
Does 12 divide 684?
True
Is 66 a multiple of 33?
True
Is 40 a factor of 2320?
True
Is 6232 a multiple of 25?
False
Is 139009 a multiple of 37?
True
Is 3923 a multiple of 10?
False
Is 228 a multiple of 96?
False
Is 13687 a multiple of 15?
False
Does 13 divide 629?
False
Does 81 divide 2673?
True
Is 16 a factor of 74707?
False
Is 51 a multiple of 13?
False
Is 132 a multiple of 22?
True
Does 33 divide 7227?
True
Is 238 a factor of 34748?
True
Is 24455 a multiple of 118?
False
Is 34 a factor of 3128?
True
Is 19 a factor of 684?
True
Is 30538 a multiple of 78?
False
Is 6 a factor of 922?
False
Is 126 a factor of 18018?
True
Is 1880 a multiple of 10?
True
Is 2129 a multiple of 20?
False
Is 11 a factor of 352?
True
Is 18 a factor of 21924?
True
Is 7 a factor of 5334?
True
Does 27 divide 891?
True
Is 582 a multiple of 3?
True
Is 1469 a multiple of 13?
True
Is 1267 a multiple of 11?
False
Is 15 a factor of 11405?
False
Is 330 a multiple of 16?
False
Is 19 a factor of 1881?
True
Does 45 divide 7671?
False
Is 174 a factor of 3779?
False
Is 73 a factor of 26386?
False
Does 20 divide 60?
True
Is 92 a multiple of 23?
True
Does 77 divide 22715?
True
Is 16 a factor of 1504?
True
Is 1567 a multiple of 76?
False
Is 6773 a multiple of 49?
False
Is 70 a multiple of 7?
True
Is 240 a multiple of 20?
True
Does 54 divide 756?
True
Does 142 divide 2814?
False
Is 63849 a multiple of 35?
False
Does 13 divide 634?
False
Is 17 a factor of 154787?
False
Is 135 a multiple of 11?
False
Does 39 divide 2511?
False
Is 140 a multiple of 11?
False
Is 23 a factor of 4899?
True
Is 1199 a multiple of 11?
True
Does 241 divide 11012?
False
Does 6 divide 239?
False
Is 1416 a multiple of 4?
True
Is 5256 a multiple of 11?
False
Is 18056 a multiple of 74?
True
Is 4173 a multiple of 107?
True
Is 7032 a multiple of 19?
False
